inder when 100 is divided by 62.
38
What is the remainder when 59 is divided by 18?
5
Calculate the remainder when 55 is divided by 35.
20
Calculate the remainder when 455 is divided by 171.
113
Calculate the remainder when 799 is divided by 358.
83
Calculate the remainder when 510 is divided by 169.
3
What is the remainder when 2086 is divided by 29?
27
Calculate the remainder when 783 is divided by 89.
71
What is the remainder when 1905 is divided by 633?
6
What is the remainder when 161 is divided by 52?
5
Calculate the remainder when 73 is divided by 32.
9
What is the remainder when 246 is divided by 10?
6
Calculate the remainder when 431 is divided by 36.
35
What is the remainder when 1277 is divided by 8?
5
What is the remainder when 3167 is divided by 26?
21
What is the remainder when 2801 is divided by 90?
11
Calculate the remainder when 376 is divided by 13.
12
What is the remainder when 91 is divided by 38?
15
Calculate the remainder when 196 is divided by 93.
10
What is the remainder when 6967 is divided by 6?
1
Calculate the remainder when 92 is divided by 3.
2
What is the remainder when 331 is divided by 13?
6
Calculate the remainder when 551 is divided by 79.
77
What is the remainder when 64 is divided by 18?
10
Calculate the remainder when 2645 is divided by 54.
53
Calculate the remainder when 2312 is divided by 19.
13
Calculate the remainder when 594 is divided by 13.
9
Calculate the remainder when 420 is divided by 105.
0
Calculate the remainder when 958 is divided by 195.
178
What is the remainder when 745 is divided by 260?
225
Calculate the remainder when 1373 is divided by 11.
9
What is the remainder when 1670 is divided by 152?
150
What is the remainder when 12679 is divided by 10?
9
What is the remainder when 72 is divided by 60?
12
What is the remainder when 492 is divided by 160?
12
Calculate the remainder when 1441 is divided by 39.
37
Calculate the remainder when 716 is divided by 104.
92
What is the remainder when 52 is divided by 12?
4
What is the remainder when 18 is divided by 4?
2
Calculate the remainder when 932 is divided by 301.
29
What is the remainder when 182 is divided by 8?
6
Calculate the remainder when 529 is divided by 6.
1
Calculate the remainder when 1783 is divided by 204.
151
What is the remainder when 153 is divided by 47?
12
What is the remainder when 579 is divided by 167?
78
What is the remainder when 177 is divided by 46?
39
What is the remainder when 260 is divided by 33?
29
Calculate the remainder when 648 is divided by 55.
43
Calculate the remainder when 418 is divided by 84.
82
What is the remainder when 1058 is divided by 205?
33
Calculate the remainder when 356 is divided by 20.
16
What is the remainder when 331 is divided by 83?
82
Calculate the remainder when 2366 is divided by 471.
11
What is the remainder when 43 is divided by 31?
12
Calculate the remainder when 16157 is divided by 101.
98
What is the remainder when 167 is divided by 56?
55
Calculate the remainder when 280 is divided by 58.
48
What is the remainder when 278 is divided by 94?
90
What is the remainder when 155 is divided by 76?
3
What is the remainder when 37 is divided by 29?
8
Calculate the remainder when 1117 is divided by 8.
5
Calculate the remainder when 193 is divided by 79.
35
What is the remainder when 18756 is divided by 73?
68
Calculate the remainder when 1177 is divided by 108.
97
Calculate the remainder when 34 is divided by 10.
4
Calculate the remainder when 3156 is divided by 225.
6
Calculate the remainder when 1058 is divided by 271.
245
Calculate the remainder when 64 is divided by 13.
12
Calculate the remainder when 203 is divided by 42.
35
What is the remainder when 790 is divided by 33?
31
What is the remainder when 324 is divided by 276?
48
Calculate the remainder when 2 is divided by 1.
0
What is the remainder when 18755 is divided by 169?
165
What is the remainder when 222 is divided by 65?
27
Calculate the remainder when 838 is divided by 35.
33
What is the remainder when 454 is divided by 113?
2
Calculate the remainder when 2151 is divided by 238.
9
What is the remainder when 4885 is divided by 2438?
9
Calculate the remainder when 7065 is divided by 294.
9
What is the remainder when 857 is divided by 291?
275
Calculate the remainder when 172 is divided by 18.
10
What is the remainder when 666 is divided by 229?
208
What is the remainder when 23044 is divided by 19?
16
Calculate the remainder when 569 is divided by 51.
8
What is the remainder when 13624 is divided by 48?
40
Calculate the remainder when 2990 is divided by 68.
66
What is the remainder when 1106 is divided by 1106?
0
What is the remainder when 434 is divided by 273?
161
Calculate the remainder when 752 is divided by 374.
4
Calculate the remainder when 103 is divided by 26.
25
Calculate the remainder when 252 is divided by 16.
12
What is the remainder when 49 is divided by 19?
11
What is the remainder when 433 is divided by 19?
15
Calculate the remainder when 236 is divided by 80.
76
Calculate the remainder when 184 is divided by 57.
13
Calculate the remainder when 260 is divided by 10.
0
What is the remainder when 73 is divided by 63?
10
What is the remainder when 3583 is divided by 15?
13
Calculate the remainder when 10650 is divided by 159.
156
Calculate the remainder when 283 is divided by 94.
1
What is the remainder when 12346 is divided by 21?
19
What is the remainder when 233 is divided by 9?
8
Calculate the remainder when 280 is divided by 19.
14
Calculate the remainder when 285 is divided by 30.
15
Calculate the remainder when 231 is divided by 59.
54
What is the remainder when 283 is divided by 104?
75
Calculate the remainder when 920 is divided by 324.
272
Calculate the remainder when 108 is divided by 51.
6
What is the remainder when 391 is divided by 80?
71
Calculate the remainder when 376 is divided by 117.
25
What is the remainder when 8339 is divided by 97?
94
What is the remainder when 103 is divided by 17?
1
Calculate the remainder when 21944 is divided by 17.
14
Calculate the remainder when 778 is divided by 41.
40
Calculate the remainder when 75 is divided by 11.
9
What is the remainder when 237 is divided by 76?
9
Calculate the remainder when 101 is divided by 53.
48
Calculate the remainder when 1845 is divided by 56.
53
What is the remainder when 183 is divided by 21?
15
Calculate the remainder when 832 is divided by 3.
1
What is the remainder when 494 is divided by 45?
44
Calculate the remainder when 987 is divided by 4.
3
Calculate the remainder when 127 is divided by 17.
8
Calculate the remainder when 356 is divided by 36.
32
What is the remainder when 27 is divided by 16?
11
Calculate the remainder when 270 is divided by 39.
36
What is the remainder when 137 is divided by 37?
26
Calculate the remainder when 128 is divided by 88.
40
What is the remainder when 1265 is divided by 376?
137
What is the remainder when 260 is divided by 28?
8
Calculate the remainder when 1367 is divided by 38.
37
What is the remainder when 520 is divided by 29?
27
Calculate the remainder when 6298 is divided by 263.
249
What is the remainder when 15913 is divided by 15?
13
What is the remainder when 1364 is divided by 7?
6
Calculate the remainder when 175 is divided by 67.
41
Calculate the remainder when 5822 is divided by 56.
54
Calculate the remainder when 136 is divided by 32.
8
What is the remainder when 78 is divided by 9?
6
What is the remainder when 197 is divided by 188?
9
What is the remainder when 144 is divided by 74?
70
What is the remainder when 1860 is divided by 37?
10
What is the remainder when 760 is divided by 59?
52
What is the remainder when 299 is divided by 20?
19
What is the remainder when 305 is divided by 45?
35
Calculate the remainder when 13106 is divided by 58.
56
Calculate the remainder when 204 is divided by 90.
24
What is the remainder when 165 is divided by 34?
29
What is the remainder when 240 is divided by 70?
30
Calculate the remainder when 252 is divided by 46.
22
What is the remainder when 612 is divided by 31?
23
What is the remainder when 1047 is divided by 70?
67
Calculate the remainder when 86 is divided by 22.
20
Calculate the remainder when 21 is divided by 20.
1
Calculate the remain